144 a factor of 18542036?
False
Is 8 a factor of 49613100?
False
Does 1556 divide 105792493?
False
Does 49 divide 2230269982?
False
Does 854 divide 131014744?
False
Is 30 a factor of 2543288430?
True
Does 37 divide 1429760422?
False
Is 179 a factor of 6381860?
False
Does 64 divide 140240081?
False
Is 441563591 a multiple of 7?
True
Does 300 divide 33142500?
True
Is 94 a factor of 252781416?
True
Is 700605240 a multiple of 38?
True
Is 80 a factor of 39584408?
False
Is 2 a factor of 120791871?
False
Is 23872104 a multiple of 333?
True
Is 81711266 a multiple of 371?
True
Is 2 a factor of 5738321?
False
Is 136 a factor of 723930857?
False
Is 474 a factor of 11032824?
True
Does 28 divide 7250040?
True
Does 7 divide 102322129?
True
Is 15156636 a multiple of 577?
True
Is 158 a factor of 419175784?
False
Is 554 a factor of 117289556?
True
Is 420134426 a multiple of 190?
False
Does 11 divide 78554663?
True
Is 733 a factor of 297430876?
True
Is 63 a factor of 976869747?
True
Is 3682368914 a multiple of 283?
False
Does 53 divide 1182258916?
True
Is 45592476 a multiple of 114?
True
Is 2046521 a multiple of 47?
True
Is 1052716 a multiple of 524?
True
Is 5462982 a multiple of 42?
True
Is 891652132 a multiple of 124?
True
Is 26216274 a multiple of 147?
True
Is 3563 a factor of 2894075479?
False
Does 727 divide 5860347?
True
Is 3407639037 a multiple of 253?
True
Is 3306 a factor of 52409477?
False
Does 207 divide 2999827196?
False
Is 1059 a factor of 41159094?
True
Is 4246848877 a multiple of 14?
False
Is 364 a factor of 162660680?
True
Is 618 a factor of 47294969?
False
Is 1011101832 a multiple of 702?
True
Is 148 a factor of 394716?
True
Is 5162380 a multiple of 425?
False
Is 70 a factor of 338739029?
False
Does 1105 divide 72467005?
True
Does 23 divide 1541609178?
True
Is 46 a factor of 39588670?
False
Is 11 a factor of 470363014?
True
Is 341 a factor of 14440668?
True
Is 918202142 a multiple of 13?
True
Is 552 a factor of 15089143?
False
Does 201 divide 182032243?
False
Is 6 a factor of 296254352?
False
Is 15518092 a multiple of 3?
False
Does 38 divide 104014971?
False
Does 2 divide 580650731?
False
Is 318912790 a multiple of 20?
False
Does 19 divide 1136660902?
True
Does 290 divide 20122810?
True
Is 28911519 a multiple of 123?
True
Is 1099949634 a multiple of 798?
True
Is 7 a factor of 68771446?
False
Is 22863696 a multiple of 1993?
True
Is 378576268 a multiple of 14?
True
Is 20 a factor of 161899260?
True
Is 5543 a factor of 5432045769?
True
Is 26 a factor of 155724634?
True
Is 246 a factor of 2768484?
True
Is 62016085 a multiple of 451?
False
Is 650079136 a multiple of 224?
True
Is 13396016 a multiple of 4?
True
Is 8 a factor of 17305984?
True
Is 17 a factor of 741912776?
True
Is 69603555 a multiple of 4769?
True
Is 1158380844 a multiple of 1297?
False
Is 15 a factor of 143790937?
False
Is 3260467 a multiple of 6?
False
Does 244 divide 37455220?
True
Is 9 a factor of 14808442?
False
Does 34 divide 8162720?
True
Is 4764121232 a multiple of 104?
True
Is 54160408 a multiple of 8?
True
Is 91283178 a multiple of 49?
True
Does 4 divide 5136331?
False
Is 26 a factor of 498477074?
False
Is 1069 a factor of 168985728?
False
Does 12 divide 2087845842?
False
Does 702 divide 116839296?
False
Does 160 divide 27966400?
True
Is 3459 a factor of 26203083?
False
Is 1426941171 a multiple of 103?
False
Is 973 a factor of 29753367?
True
Is 172 a factor of 103241280?
True
Is 1174349104 a multiple of 180?
False
Does 68 divide 5460382456?
True
Does 29 divide 289413127?
True
Is 76593184 a multiple of 32?
True
Is 2925708802 a multiple of 12250?
False
Does 114 divide 552286566?
True
Is 81 a factor of 24853068?
True
Does 83 divide 839609329?
False
Does 85 divide 6888910?
True
Is 12 a factor of 15773663?
False
Does 460 divide 32800760?
True
Does 122 divide 180525474?
True
Does 218 divide 14935794?
False
Does 121 divide 474943392?
True
Is 20 a factor of 123323620?
True
Does 46 divide 19022380?
True
Does 491 divide 190207017?
True
Does 1024 divide 225060864?
True
Does 45 divide 29431881?
False
Is 47 a factor of 3681964?
False
Is 5 a factor of 696943545?
True
Does 13 divide 40786195?
False
Is 26 a factor of 1184300?
True
Is 63200586 a multiple of 21?
False
Does 40 divide 12921880?
True
Does 410 divide 57437571?
False
Does 928 divide 9267986?
False
Is 4 a factor of 10867936?
True
Does 25 divide 767957544?
False
Does 11 divide 2088803?
False
Does 64 divide 2558058?
False
Is 21 a factor of 9110010?
True
Is 488896090 a multiple of 58?
False
Is 116 a factor of 17329936?
True
Is 2099949 a multiple of 4?
False
Is 15686100 a multiple of 261?
True
Is 4552154040 a multiple of 15?
True
Is 1956 a factor of 172949171?
False
Is 793225209 a multiple of 523?
True
Does 1723 divide 34941051?
False
Is 11934790 a multiple of 70?
True
Is 755408366 a multiple of 12926?
True
Is 489979118 a multiple of 641?
True
Is 79 a factor of 63710334?
False
Is 9 a factor of 64157926?
False
Does 195 divide 352776718?
False
Is 900 a factor of 540124200?
True
Is 14 a factor of 3765510?
True
Is 15 a factor of 4261860?
True
Is 1558 a factor of 77083608?
True
Does 1784 divide 123097581?
False
Is 148138196 a multiple of 4?
True
Is 296 a factor of 88498634?
False
Does 47 divide 10129628?
True
Is 34 a factor of 161726770?
False
Is 26477674 a multiple of 53?
False
Is 128 a factor of 35367808?
True
Does 7113 divide 1757437362?
True
Is 81248175 a multiple of 75?
True
Is 19130515 a multiple of 31?
False
Does 34 divide 105576854?
False
Is 370104870 a multiple of 7570?
True
Is 63857656 a multiple of 285?
False
Does 27 divide 1985143140?
True
Is 23 a factor of 62545181?
False
Does 561 divide 280560411?
False
Is 217 a factor of 1346874732?
True
Does 1946 divide 948484292?
True
Does 380 divide 15947840?
True
Does 423 divide 1618381926?
True
Does 2546 divide 497837202?
True
Is 336711755 a multiple of 4?
False
Is 26203960 a multiple of 9?
False
Is 12853242 a multiple of 380?
False
Does 379 divide 9006177?
True
Is 134496459 a multiple of 81?
False
Is 155294253 a multiple of 27?
True
Is 2751 a factor of 2117505222?
True
Does 10 divide 172914449?
False
Is 605942490 a multiple of 1241?
False
Is 7801572 a multiple of 3?
True
Does 172 divide 36565308?
True
Does 77 divide 1676703967?
False
Does 41 divide 367434538?
True
Does 235 divide 10943776?
False
Does 184 divide 2149176304?
True
Does 7992 divide 393965640?
True
Is 685152224 a multiple of 337?
False
Does 24 divide 17204095?
False
Is 69786864 a multiple of 9?
True
Does 39 divide 64929033?
True
Is 45839850 a multiple of 1465?
True
Does 1718 divide 556911144?
False
Is 358 a factor of 112859952?
False
Does 36 divide 80487216?
True
Does 48 divide 34734768?
True
Is 86613426 a multiple of 2258?
False
Is 888739139 a multiple of 7261?
True
Is 42 a factor of 51296952?
True
Does 356 divide 14661860?
True
Is 581975670 a multiple of 11635?
False
Is 473849706 a multiple of 2937?
True
Is 8 a factor of 453708608?
True
Is 40101265 a multiple of 247?
False
Is 16092353 a multiple of 521?
False
Is 178695110 a multiple of 110?
True
Is 2089113264 a multiple of 21?
True
Is 147 a factor of 37198941?
False
Is 216695403 a multiple of 271?
False
Does 7 divide 27526669?
False
Does 144 divide 78212736?
True
Is 18 a factor of 1739344140?
True
Is 48991578 a multiple of 2?
True
Does 5 divide 38203885?
True
Is 806351700 a multiple of 132?
True
Does 4159 divide 166468134?
True
Is 3307102 a multiple of 109?
False
Does 122 divide 149317737?
False
Is 143 a factor of 1007421701?
True
Is 298590500 a multiple of 10?
True
Does 129 divide 3763446?
True
Is 224 a factor of 2407599?
False
Does 459 divide 19045287?
True
Is 190830175 a multiple of 1610?
False
Is 98836864 a multiple of 32?
True
Is 26895729 a multiple of 971?
True
Is 16 a factor of 39117036?
False
Is 411 a factor of 123620964?
False
Is 35 a factor of 4911515?
True
Is 85295157 a multiple of 321?
True
Does 14 divide 2373344?
False
Does 6 divide 44590228?
False
Is 10 a factor of 1055967800?
True
Is 4 a factor of 26135206?
False
Is 304 a factor of 33465362?
False
Is 76 a factor of 3769869268?
True
Is 97280929 a multiple of 345?
False
Is 19211989 a multiple of 17?
True
Is 193 a factor of 120920869?
True
Is 282957657 a multiple of 8?
False
Is 717043730 a multiple of 19?
Fa